11) to base 9.
-6617
Convert 402 (base 8) to base 9.
316
What is -3b17 (base 13) in base 7?
-33460
What is 1122011 (base 3) in base 16?
4a8
Convert 111400 (base 5) to base 7.
14406
What is 3cd0 (base 14) in base 5?
321031
Convert 1b3 (base 16) to base 2.
110110011
10110000111 (base 2) to base 12
99b
What is -10011000011 (base 2) in base 16?
-4c3
Convert 3220 (base 5) to base 3.
121010
What is 305 (base 6) in base 8?
161
What is 1110010111000 (base 2) in base 7?
30302
Convert 13 (base 9) to base 16.
c
Convert -1255 (base 10) to base 5.
-20010
-3c8 (base 14) to base 15
-35e
What is 210112 (base 3) in base 5?
4311
-22321203 (base 4) to base 10
-44643
What is -20321 (base 4) in base 6?
-2345
What is -2532 (base 6) in base 10?
-632
Convert -10001101101 (base 2) to base 13.
-692
What is -779 (base 14) in base 9?
-2023
Convert 10002 (base 4) to base 2.
100000010
-1a15 (base 13) to base 12
-2315
-313 (base 9) to base 15
-120
-7676 (base 8) to base 12
-23ba
-125510 (base 6) to base 5
-333014
-5a7 (base 14) to base 12
-79b
What is -d9 (base 15) in base 12?
-150
What is -375d (base 15) in base 4?
-2320030
What is 10481 (base 9) in base 16?
1b2e
Convert -211020212 (base 3) to base 9.
-24225
What is 105 (base 15) in base 8?
346
What is -2000212 (base 3) in base 5?
-21411
-25463 (base 7) to base 15
-2008
c3aa (base 13) to base 14
9bb5
Convert 12130 (base 4) to base 13.
259
Convert -3702 (base 9) to base 4.
-223010
Convert 2a21 (base 13) to base 6.
44143
Convert 30321 (base 4) to base 15.
3a0
What is 1da (base 14) in base 11?
323
-1520 (base 6) to base 10
-408
Convert 2231 (base 4) to base 5.
1143
What is -958 (base 11) in base 7?
-3234
What is 1002000 (base 4) in base 8?
10200
-151141 (base 6) to base 8
-34305
What is 11221201 (base 4) in base 13?
a6ba
What is -33132 (base 4) in base 8?
-1736
Convert -427 (base 16) to base 6.
-4531
-40c (base 14) to base 5
-11141
-9d13 (base 14) to base 4
-12221331
What is c29 (base 13) in base 9?
2742
Convert 622 (base 8) to base 9.
486
What is 30354 (base 6) in base 12?
23ba
-18d4b (base 14) to base 4
-33120013
-6a3 (base 12) to base 7
-2610
What is -1131 (base 5) in base 13?
-ca
-194b (base 12) to base 5
-44313
749 (base 15) to base 8
3154
Convert -11053 (base 6) to base 7.
-4335
What is -10d6 (base 15) in base 12?
-20a0
What is -b461 (base 15) in base 12?
-1a084
Convert 1013430 (base 5) to base 2.
100000101100100
-447 (base 14) to base 11
-700
What is 2de (base 16) in base 12?
512
What is -c4 (base 16) in base 2?
-11000100
What is 21516 (base 9) in base 6?
150023
-20a (base 13) to base 6
-1340
What is 201211 (base 3) in base 15?
25a
What is 24677 (base 8) in base 15?
3277
Convert 4023 (base 6) to base 5.
12004
-113303 (base 4) to base 7
-4304
Convert 11110101111 (base 2) to base 6.
13035
1001001101 (base 2) to base 8
1115
-1b430 (base 12) to base 6
-510500
Convert 13322030 (base 4) to base 15.
98eb
-4134 (base 6) to base 5
-12142
1ddd (base 15) to base 2
1100101101100
What is -104240 (base 5) in base 9?
-5055
-100202 (base 3) to base 4
-10013
Convert -2012012 (base 3) to base 11.
-1223
Convert 20634 (base 8) to base 4.
2012130
What is 15672 (base 9) in base 6?
121445
Convert -1d99 (base 15) to base 9.
-8750
3613 (base 9) to base 16
a7d
-131332 (base 4) to base 5
-30133
-1351 (base 10) to base 13
-7cc
Convert -23c9 (base 15) to base 11.
-57a2
-867 (base 15) to base 14
-997
-24023 (base 6) to base 2
-110110001111
18b (base 14) to base 8
477
Convert 2211002222 (base 3) to base 4.
31202330
-1022021 (base 3) to base 4
-32320
What is -3122 (base 6) in base 2?
-1010111010
Convert 715 (base 12) to base 8.
2001
What is 474 (base 8) in base 12?
224
1010 (base 7) to base 6
1342
Convert -113333 (base 4) to base 12.
-a7b
What is -43034 (base 11) in base 7?
-350330
What is 5071 (base 9) in base 4?
321331
What is 10010010001111 (base 2) in base 6?
111155
23c2 (base 15) to base 6
55115
What is -234470 (base 8) in base 7?
-452526
What is 31505 (base 8) in base 4?
3031011
What is -61 (base 7) in base 8?
-53
Convert 548 (base 13) to base 10.
905
Convert 103 (base 10) to base 9.
124
What is 3303 (base 5) in base 14?
245
112043 (base 8) to base 2
1001010000100011
What is 1a184 (base 12) in base 9?
57431
What is 236451 (base 7) in base 2?
1010100001100011
What is 1011232 (base 4) in base 14?
18aa
3797 (base 11) to base 5
124241
What is 21 (base 12) in base 14?
1b
7146 (base 10) to base 9
10720
12182 (base 10) to base 12
7072
What is 400062 (base 7) in base 13?
2480a
What is 1362 (base 9) in base 3?
1102002
46308 (base 9) to base 14
b36d
Convert 4304 (base 6) to base 8.
1720
361 (base 14) to base 4
22201
-6662 (base 11) to base 5
-240110
Convert -33340 (base 5) to base 8.
-4451
Convert 6463 (base 8) to base 2.
110100110011
What is 41665 (base 7) in base 12?
5b54
What is 5433 (base 6) in base 13?
74a
Convert 10000001100 (base 2) to base 11.
862
What is 2ff (base 16) in base 4?
23333
What is 1533 (base 6) in base 4?
12201
Convert -100101000 (base 2) to base 5.
-2141
-10330003 (base 5) to base 10
-89378
2464 (base 11) to base 15
e46
-23403 (base 7) to base 16
-178e
-54022 (base 9) to base 12
-18825
What is 2422 (base 9) in base 7?
5153
-4568 (base 12) to base 15
-2442
What is -9d19 (base 16) in base 9?
-61145
What is -218 (base 15) in base 7?
-1244
-6263 (base 7) to base 11
-1721
-1423 (base 5) to base 6
-1034
What is 39a0 (base 11) in base 15?
1812
-71540 (base 10) to base 14
-1c100
Convert 10010001001110 (base 2) to base 12.
5466
What is 30223 (base 4) in base 2?
1100101011
2e41 (base 16) to base 9
17216
Convert 1133 (base 11) to base 5.
21423
1111333 (base 4) to base 12
3227
What is 482 (base 9) in base 15?
1b8
-36a (base 14) to base 15
-307
-757 (base 10) to base 2
-1011110101
-4301 (base 16) to base 5
-1022103
2b58 (base 15) to base 8
22134
7e2 (base 16) to base 7
5612
What is 28f (base 16) in base 7?
1624
What is 5533 (base 6) in base 10?
1281
What is 3267 (base 14) in base 11?
6603
What is 1111100010 (base 2) in base 14?
510
What is -1208 (base 9) in base 11?
-748
Convert 17971 (base 10) to base 2.
100011000110011
Convert 4222 (base 6) to base 15.
435
Convert 542 (base 9) to base 5.
3233
Convert -33441 (base 6) to base 2.
-1001001100001
Convert -4046 (base 8) to base 6.
-13354
100213 (base 5) to base 6
22423
What is 6315 (base 14) in base 6?
211011
Convert 53848 (base 10) to base 3.
2201212101
Convert -18b (base 13) to base 4.
-10130
-8b67 (base 12) to base 15
-48c7
What is -10110010001110 (base 2) in base 10?
-11406
Convert 3141 (base 5) to base 15.
1d1
Convert 122140 (base 5) to base 9.
6358
3bd (base 15) to base 11
706
Convert -102010 (base 3) to base 8.
-454
3245 (base 6) to base 9
1022
63505 (base 7) to base 9
23457
What is -3649 (base 10) in base 16?
-e41
What is 110001001100000 (base 2) in base 6?
312332
Convert 6106 (base 14) to base 15.
4e11
-1532 (base 7) to base 10
-611
101011111101101 (base 2) to base 9
33780
What is 1003013 (base 4) in base 16?
10c7
Convert -1c6 (base 16) to base 12.
-31a
7463 (base 13) to base 4
3330020
What is 344c (base 15) in base 8?
25531
What is 1511 (base 7) in base 10?
596
Convert -8 (base 10) to base 4.
-20
-572 (base 15) to base 6
-5412
Convert 4acc (base 14) to base 2.
11001100111100
103130 (base 4) to base 16
4dc
-2041 (base 7) to base 13
-430
What is -11d58 (base 16) in base 13?
-27331
What is -3414241 (base 5) in base 7?
-341410
-430 (base 13) to base 6
-3151
27545 (base 9) to base 12
a97b
-10333 (base 5) to base 2
-1011001110
What is -1712 (base 11) in base 3?
-10000011
35c (base 14) to base 5
10140
What is 511 (base 9) in base 3?
120101
31120131 (base 4) to base 9
83163
Convert 40c (base 16) to base 9.
1371
-1537 (base 13) to base 9
-4211
345 (base 12) to base 5
3420
Convert -267b (base 12) to base 6.
-32235
What is 23400 (base 5) in base 4?
122331
What is 433 (base 6) in base 7?
324
12045 (base 8) to base 12
2b99
Convert -5c7d (base 15) to base 13.
-8c6b
Convert 13840 (base 11) to base 4.
10302332
What is -1255 (base 11) in base 6?
-11321
1211313 (base 4) to base 2
1100101110111
Convert 1263 (base 16) to base 11.
359a
-11743 (base 11) to base 5
-1014431
Convert -e (base 16) to base 14.
-10
Convert -1432310 (base 5) to base 15.
-8ec0
Convert -545512 (base 6) to base 5.
-2422312
428 (base 